er?
True
Is 6997 prime?
True
Is 3062 prime?
False
Is 10078 a prime number?
False
Is 3031 composite?
True
Is 292427 a composite number?
False
Is 5297 composite?
False
Is 91187 composite?
True
Is 345181 prime?
True
Is 887 a prime number?
True
Is 8726 prime?
False
Is 38149 a prime number?
True
Is 1673 a composite number?
True
Is 440371 composite?
False
Is 7563 prime?
False
Is 34535 a composite number?
True
Is 20479 a composite number?
False
Is 13159 a prime number?
True
Is 8782 a prime number?
False
Is 207327 a prime number?
False
Is 294497 composite?
True
Is 285185 a composite number?
True
Is 69261 a prime number?
False
Is 9613 a prime number?
True
Is 2007949 composite?
False
Is 391 composite?
True
Is 214615 prime?
False
Is 15693 a prime number?
False
Is 1727317 composite?
False
Is 12422 a prime number?
False
Is 94877 a prime number?
False
Is 342091 prime?
False
Is 1258759 a composite number?
True
Is 55291 a composite number?
False
Is 13367 composite?
False
Is 45377 prime?
True
Is 264541 composite?
True
Is 7343 a composite number?
True
Is 5855 composite?
True
Is 26921 composite?
False
Is 898949 a prime number?
False
Is 85633 a composite number?
True
Is 354701 composite?
False
Is 26823 a composite number?
True
Is 19534 a prime number?
False
Is 4007 a composite number?
False
Is 285421 a prime number?
True
Is 7631 composite?
True
Is 7573 a prime number?
True
Is 701 a prime number?
True
Is 230189 a prime number?
True
Is 5147 prime?
True
Is 95131 a composite number?
False
Is 17767 a composite number?
True
Is 677057 a prime number?
True
Is 80849 prime?
True
Is 147919 composite?
False
Is 41807 prime?
False
Is 5774 composite?
True
Is 19347 a composite number?
True
Is 33751 prime?
True
Is 7541 composite?
False
Is 20609 a prime number?
False
Is 17609 a composite number?
False
Is 269585 composite?
True
Is 901 prime?
False
Is 5669 composite?
False
Is 409117 composite?
True
Is 713 a composite number?
True
Is 23251 a composite number?
False
Is 47183 prime?
False
Is 164267 composite?
False
Is 24243 a composite number?
True
Is 768923 prime?
True
Is 1561 a composite number?
True
Is 4783 a prime number?
True
Is 1733 composite?
False
Is 14611 composite?
True
Is 123847 prime?
False
Is 294431 prime?
True
Is 10847 a prime number?
True
Is 8039 a composite number?
False
Is 9811 composite?
False
Is 331127 a composite number?
False
Is 27449 composite?
False
Is 62365 a prime number?
False
Is 198745 prime?
False
Is 18593 a composite number?
False
Is 26027 composite?
True
Is 6457 prime?
False
Is 8988191 a prime number?
True
Is 16913 a prime number?
False
Is 27994 a prime number?
False
Is 172969 composite?
False
Is 37117 a prime number?
True
Is 1565123 composite?
True
Is 12953 prime?
True
Is 146255 a composite number?
True
Is 26489 prime?
True
Is 31601 prime?
True
Is 2333 a composite number?
False
Is 536989 composite?
False
Is 11677 composite?
False
Is 73237 prime?
True
Is 2039007 a prime number?
False
Is 487 a composite number?
False
Is 49289 a prime number?
False
Is 743 prime?
True
Is 36739 prime?
True
Is 117071 a prime number?
True
Is 3189529 composite?
True
Is 707627 prime?
True
Is 27717 prime?
False
Is 116117 composite?
True
Is 4178419 prime?
False
Is 472501 a prime number?
False
Is 10663 prime?
True
Is 220083 a prime number?
False
Is 86677 a prime number?
True
Is 369913 prime?
True
Is 187823 a composite number?
False
Is 922 composite?
True
Is 341611 a prime number?
False
Is 8951 a composite number?
False
Is 128021 a prime number?
True
Is 17093 a composite number?
False
Is 79451 a prime number?
True
Is 65287 composite?
False
Is 1128131 prime?
False
Is 19715 a prime number?
False
Is 171433 a prime number?
False
Is 17011 prime?
True
Is 56659 a composite number?
False
Is 16123 a prime number?
False
Is 769799 a prime number?
True
Is 305621 a composite number?
False
Is 15503 prime?
False
Is 39815 a prime number?
False
Is 2360531 a composite number?
True
Is 7639 a composite number?
False
Is 996133 a prime number?
False
Is 2859 a prime number?
False
Is 44717 prime?
False
Is 44929 prime?
False
Is 76733 composite?
False
Is 830683 a prime number?
False
Is 12007 prime?
True
Is 18317 prime?
False
Is 235913 composite?
True
Is 21269 a prime number?
True
Is 49319 prime?
False
Is 275387 a prime number?
False
Is 7289 a composite number?
True
Is 130837 composite?
True
Is 38039 a prime number?
True
Is 363119 a composite number?
False
Is 1259395 a composite number?
True
Is 521741 prime?
False
Is 18713 composite?
False
Is 522187 composite?
True
Is 1615279 a composite number?
False
Is 176317 composite?
False
Is 1294 a composite number?
True
Is 2461 composite?
True
Is 5951 composite?
True
Is 40961 a prime number?
True
Is 34107 composite?
True
Is 42221 a prime number?
True
Is 73327 a prime number?
True
Is 52961 composite?
True
Is 950071 prime?
True
Is 127153 prime?
False
Is 9967 a composite number?
False
Is 156481 composite?
True
Is 2402401 prime?
True
Is 131149 prime?
True
Is 7193 a prime number?
True
Is 1811507 prime?
True
Is 19813 prime?
True
Is 15217 a composite number?
False
Is 28511 composite?
True
Is 2719 a prime number?
True
Is 365201 a composite number?
False
Is 139733 a prime number?
False
Is 16447 composite?
False
Is 9223 a prime number?
False
Is 7613 prime?
False
Is 461905 a prime number?
False
Is 204131 a composite number?
True
Is 3317 a prime number?
False
Is 5269 prime?
False
Is 2323 a composite number?
True
Is 56965 prime?
False
Is 51679 a composite number?
False
Is 161 a composite number?
True
Is 125393 a composite number?
True
Is 9173 composite?
False
Is 30273 a composite number?
True
Is 4406 prime?
False
Is 269987 prime?
True
Is 9407 prime?
False
Is 16057 a prime number?
True
Is 151091 a composite number?
False
Is 26627 a prime number?
True
Is 103951 a prime number?
True
Is 841 a composite number?
True
Is 16087 prime?
True
Is 31874 prime?
False
Is 3659 a prime number?
True
Is 1623 composite?
True
Is 1502 prime?
False
Is 342499 a composite number?
True
Is 16771 prime?
False
Is 781 prime?
False
Is 121297 composite?
True
Is 599341 prime?
True
Is 73403 prime?
False
Is 284023 prime?
True
Is 284806 composite?
True
Is 2823 composite?
True
Is 150473 composite?
False
Is 13121 a prime number?
True
Is 10891 a composite number?
False
Is 7093 composite?
True
Is 76493 a composite number?
False
Is 9961 prime?
False
Is 4283171 composite?
False
Is 2321 prime?
False
Is 11369 a prime number?
True
Is 541 composite?
False
Is 4267 prime?
False
Is 26303 prime?
False
Is 520529 a composite number?
False
Is 10607 prime?
True
Is 977 composite?
False
Is 5177 composite?
True
Is 326203 composite?
False
Is 32831 a composite number?
False
Is 27179 a composite number?
False
Is 10427 composite?
False
Is 1308367 a prime number?
True
Is 959773 composite?
False
Is 2543 prime?
True
Is 100609 a prime number?
True
Is 1239089 composite?
False
Is 28739 prime?
False
Is 14969 a prime number?
True
Is 24239 a prime number?
True
Is 1081538 composite?
True
Is 182629 composite?
True
Is 5297 a prime number?
True
Is 10118 a prime number?
False
Is 432829 prime?
False
Is 78689 a composite number?
True
Is 51055 composite?
True
Is 53477 composite?
True
Is 545719 composite?
True
Is 109401 composite?
True
Is 3359 composite?
False
Is 43037 a prime number?
True
Is 232787 prime?
False
Is 23663 prime?
True
Is 2811 composite?
True
Is 41351 a composite number?
False
Is 3587 a composite number?
True
Is 182953 composite?
False
Is 5002721 prime?
True
Is 129365 a composite number?
True
Is 282959 composite?
False
Is 64259 composite?
True
Is 42179 a composite number?
False
Is 19319 prime?
True
Is 2053 composite?
False
Is 68806 a prime number?
False
Is 2633 prime?
True
Is 368579 composite?
False
Is 1740041 composite?
False
Is 19121 a composite number?
False
Is 115727 a composite number?
False
Is 8531938 prime?
False
Is 400927 composite?
False
Is 182627 a prime number?
True
Is 911 a prime number?
True
Is 23237 a prime number?
False
Is 85817 a prime number?
True
Is 6299 composite?
False
Is 296941 a prime number?
True
Is 209029 a prime number?
True
Is 439 prime?
True
Is 111547 a prime number?
False
Is 126667 a prime number?
False
Is 14137 prime?
False
Is 12037 prime?
True
Is 66403 prime?
True
Is 540433 a composite number?
False
Is 38069 comp